{"text_format":"1","workbook":"xlsx","n_sheets":3,"sheets":["Mileage Form","Mileage Chart","Mileage Look Up Table"],"not_rendered":{"charts":0,"images":2,"macros":1,"external_links":0,"defined_names":2,"comments":0,"pivot_tables":0},"unopened":[],"bounds":{"document_bytes":16777216,"sheet_cells":100000,"rows_first":2000,"rows_last":500,"rows_between":2000,"halvings":0,"cell_chars":16384,"cell_head_chars":4096},"cells_cut":0,"cells_raw":0,"read":"whole","date_system":"1900"}

{"sheet":"Mileage Form","index":0,"n_rows":471,"n_cols":13,"rows_kept":471,"cut":false,"hidden":false,"merged":[[30,1,30,2],[30,3,30,5],[23,4,23,5],[24,4,24,5],[41,0,41,3],[40,0,40,3],[31,1,31,2],[31,3,31,5],[37,0,37,3],[35,0,35,2],[32,0,32,12],[37,9,37,10],[35,8,35,11],[31,7,31,10],[0,0,0,12],[1,0,1,12],[8,0,8,5],[8,8,8,12],[6,8,7,12],[2,8,3,12],[4,8,4,12],[5,8,5,12],[3,3,3,7],[6,4,6,7],[4,3,4,7],[5,3,5,7],[17,4,17,5],[21,4,21,5],[22,4,22,5],[18,4,18,5],[19,4,19,5],[20,4,20,5],[13,4,13,5],[14,4,14,5],[15,4,15,5],[16,4,16,5],[7,13,7,17],[7,0,7,5],[10,0,10,1],[9,3,9,5],[9,0,9,2],[12,4,12,5],[10,8,10,12],[9,8,9,12],[10,3,10,4],[11,0,11,12],[44,1,44,2],[45,1,45,2],[33,3,33,5],[34,3,34,5],[34,0,34,2],[39,0,39,3],[39,4,39,8],[34,8,34,11],[39,11,39,12],[33,0,33,2],[39,9,39,10],[37,11,37,12],[35,3,35,5],[37,4,37,8],[33,9,33,11],[42,0,42,3],[28,11,28,12],[25,4,25,5],[26,4,26,5],[29,11,29,12],[31,11,31,12],[29,3,29,5],[30,11,30,12],[27,10,27,11],[27,0,27,6],[30,7,30,10],[29,7,29,10],[29,1,29,2],[27,7,27,8],[28,1,28,2],[28,3,28,5],[28,7,28,10]]}
["ASB Mileage Report"]
["(Type or print in ink)"]
[null,null,null,null,null,null,null,null,"My home address (enter address below)"]
[null,null,null,"Deliver my check to:"]
[null,null,null,"Home address if requesting home delivery:"]
[null,null,null,"City, State, ZIP"]
[]
[]
["Employee Name",null,null,null,null,null,"ID #",null,"School/Department"]
[null,null,null,null,null,null,2020]
["Begin Date",null,"thru","End Date",null,null,"Year",null,"Position"]
["MILEAGE (Enter district locations using mileage chart abbreviations)"]
["Date","From","To","Round Trip\n (Y or N)","Purpose",null,"Mileage","Date","From","To","Round Trip \n(Y or N)","Purpose","Mileage"]
[null,null,null,null,null,null,{"$f":"IF(D14=\"Y\",VLOOKUP(B14&C14,'Mileage Look Up Table'!$C$1:$D$993,2,FALSE)*2,IF(D14=\"N\",VLOOKUP(B14&C14,'Mileage Look Up Table'!$C$1:$D$993,2,FALSE),\"\"))","v":""},null,null,null,null,null,{"$f":"IF(K14=\"Y\",VLOOKUP(I14&J14,'Mileage Look Up Table'!$C$1:$D$993,2,FALSE)*2,IF(K14=\"N\",VLOOKUP(I14&J14,'Mileage Look Up Table'!$C$1:$D$993,2,FALSE),\"\"))","v":""}]
[null,null,null,null,null,null,{"$f":"IF(D15=\"Y\",VLOOKUP(B15&C15,'Mileage Look Up Table'!$C$1:$D$993,2,FALSE)*2,IF(D15=\"N\",VLOOKUP(B15&C15,'Mileage Look Up Table'!$C$1:$D$993,2,FALSE),\"\"))","v":""},null,null,null,null,null,{"$f":"IF(K15=\"Y\",VLOOKUP(I15&J15,'Mileage Look Up Table'!$C$1:$D$993,2,FALSE)*2,IF(K15=\"N\",VLOOKUP(I15&J15,'Mileage Look Up Table'!$C$1:$D$993,2,FALSE),\"\"))","v":""}]
[null,null,null,null,null,null,{"$f":"IF(D16=\"Y\",VLOOKUP(B16&C16,'Mileage Look Up Table'!$C$1:$D$993,2,FALSE)*2,IF(D16=\"N\",VLOOKUP(B16&C16,'Mileage Look Up Table'!$C$1:$D$993,2,FALSE),\"\"))","v":""},null,null,null,null,null,{"$f":"IF(K16=\"Y\",VLOOKUP(I16&J16,'Mileage Look Up Table'!$C$1:$D$993,2,FALSE)*2,IF(K16=\"N\",VLOOKUP(I16&J16,'Mileage Look Up Table'!$C$1:$D$993,2,FALSE),\"\"))","v":""}]
[null,null,null,null,null,null,{"$f":"IF(D17=\"Y\",VLOOKUP(B17&C17,'Mileage Look Up Table'!$C$1:$D$993,2,FALSE)*2,IF(D17=\"N\",VLOOKUP(B17&C17,'Mileage Look Up Table'!$C$1:$D$993,2,FALSE),\"\"))","v":""},null,null,null,null,null,{"$f":"IF(K17=\"Y\",VLOOKUP(I17&J17,'Mileage Look Up Table'!$C$1:$D$993,2,FALSE)*2,IF(K17=\"N\",VLOOKUP(I17&J17,'Mileage Look Up Table'!$C$1:$D$993,2,FALSE),\"\"))","v":""}]
[null,null,null,null,null,null,{"$f":"IF(D18=\"Y\",VLOOKUP(B18&C18,'Mileage Look Up Table'!$C$1:$D$993,2,FALSE)*2,IF(D18=\"N\",VLOOKUP(B18&C18,'Mileage Look Up Table'!$C$1:$D$993,2,FALSE),\"\"))","v":""},null,null,null,null,null,{"$f":"IF(K18=\"Y\",VLOOKUP(I18&J18,'Mileage Look Up Table'!$C$1:$D$993,2,FALSE)*2,IF(K18=\"N\",VLOOKUP(I18&J18,'Mileage Look Up Table'!$C$1:$D$993,2,FALSE),\"\"))","v":""}]
[null,null,null,null,null,null,{"$f":"IF(D19=\"Y\",VLOOKUP(B19&C19,'Mileage Look Up Table'!$C$1:$D$993,2,FALSE)*2,IF(D19=\"N\",VLOOKUP(B19&C19,'Mileage Look Up Table'!$C$1:$D$993,2,FALSE),\"\"))","v":""},null,null,null,null,null,{"$f":"IF(K19=\"Y\",VLOOKUP(I19&J19,'Mileage Look Up Table'!$C$1:$D$993,2,FALSE)*2,IF(K19=\"N\",VLOOKUP(I19&J19,'Mileage Look Up Table'!$C$1:$D$993,2,FALSE),\"\"))","v":""}]
[null,null,null,null,null,null,{"$f":"IF(D20=\"Y\",VLOOKUP(B20&C20,'Mileage Look Up Table'!$C$1:$D$993,2,FALSE)*2,IF(D20=\"N\",VLOOKUP(B20&C20,'Mileage Look Up Table'!$C$1:$D$993,2,FALSE),\"\"))","v":""},null,null,null,null,null,{"$f":"IF(K20=\"Y\",VLOOKUP(I20&J20,'Mileage Look Up Table'!$C$1:$D$993,2,FALSE)*2,IF(K20=\"N\",VLOOKUP(I20&J20,'Mileage Look Up Table'!$C$1:$D$993,2,FALSE),\"\"))","v":""}]
[null,null,null,null,null,null,{"$f":"IF(D21=\"Y\",VLOOKUP(B21&C21,'Mileage Look Up Table'!$C$1:$D$993,2,FALSE)*2,IF(D21=\"N\",VLOOKUP(B21&C21,'Mileage Look Up Table'!$C$1:$D$993,2,FALSE),\"\"))","v":""},null,null,null,null,null,{"$f":"IF(K21=\"Y\",VLOOKUP(I21&J21,'Mileage Look Up Table'!$C$1:$D$993,2,FALSE)*2,IF(K21=\"N\",VLOOKUP(I21&J21,'Mileage Look Up Table'!$C$1:$D$993,2,FALSE),\"\"))","v":""}]
[null,null,null,null,null,null,{"$f":"IF(D22=\"Y\",VLOOKUP(B22&C22,'Mileage Look Up Table'!$C$1:$D$993,2,FALSE)*2,IF(D22=\"N\",VLOOKUP(B22&C22,'Mileage Look Up Table'!$C$1:$D$993,2,FALSE),\"\"))","v":""},null,null,null,null,null,{"$f":"IF(K22=\"Y\",VLOOKUP(I22&J22,'Mileage Look Up Table'!$C$1:$D$993,2,FALSE)*2,IF(K22=\"N\",VLOOKUP(I22&J22,'Mileage Look Up Table'!$C$1:$D$993,2,FALSE),\"\"))","v":""}]
[null,null,null,null,null,null,{"$f":"IF(D23=\"Y\",VLOOKUP(B23&C23,'Mileage Look Up Table'!$C$1:$D$993,2,FALSE)*2,IF(D23=\"N\",VLOOKUP(B23&C23,'Mileage Look Up Table'!$C$1:$D$993,2,FALSE),\"\"))","v":""},null,null,null,null,null,{"$f":"IF(K23=\"Y\",VLOOKUP(I23&J23,'Mileage Look Up Table'!$C$1:$D$993,2,FALSE)*2,IF(K23=\"N\",VLOOKUP(I23&J23,'Mileage Look Up Table'!$C$1:$D$993,2,FALSE),\"\"))","v":""}]
[null,null,null,null,null,null,{"$f":"IF(D24=\"Y\",VLOOKUP(B24&C24,'Mileage Look Up Table'!$C$1:$D$993,2,FALSE)*2,IF(D24=\"N\",VLOOKUP(B24&C24,'Mileage Look Up Table'!$C$1:$D$993,2,FALSE),\"\"))","v":""},null,null,null,null,null,{"$f":"IF(K24=\"Y\",VLOOKUP(I24&J24,'Mileage Look Up Table'!$C$1:$D$993,2,FALSE)*2,IF(K24=\"N\",VLOOKUP(I24&J24,'Mileage Look Up Table'!$C$1:$D$993,2,FALSE),\"\"))","v":""}]
[null,null,null,null,null,null,{"$f":"IF(D25=\"Y\",VLOOKUP(B25&C25,'Mileage Look Up Table'!$C$1:$D$993,2,FALSE)*2,IF(D25=\"N\",VLOOKUP(B25&C25,'Mileage Look Up Table'!$C$1:$D$993,2,FALSE),\"\"))","v":""},null,null,null,null,null,{"$f":"IF(K25=\"Y\",VLOOKUP(I25&J25,'Mileage Look Up Table'!$C$1:$D$993,2,FALSE)*2,IF(K25=\"N\",VLOOKUP(I25&J25,'Mileage Look Up Table'!$C$1:$D$993,2,FALSE),\"\"))","v":""}]
[null,null,null,null,null,null,{"$f":"IF(D26=\"Y\",VLOOKUP(B26&C26,'Mileage Look Up Table'!$C$1:$D$993,2,FALSE)*2,IF(D26=\"N\",VLOOKUP(B26&C26,'Mileage Look Up Table'!$C$1:$D$993,2,FALSE),\"\"))","v":""},null,null,null,null,null,{"$f":"IF(K26=\"Y\",VLOOKUP(I26&J26,'Mileage Look Up Table'!$C$1:$D$993,2,FALSE)*2,IF(K26=\"N\",VLOOKUP(I26&J26,'Mileage Look Up Table'!$C$1:$D$993,2,FALSE),\"\"))","v":""}]
[null,null,null,null,null,null,{"$f":"IF(D27=\"Y\",VLOOKUP(B27&C27,'Mileage Look Up Table'!$C$1:$D$993,2,FALSE)*2,IF(D27=\"N\",VLOOKUP(B27&C27,'Mileage Look Up Table'!$C$1:$D$993,2,FALSE),\"\"))","v":""},null,null,null,null,null,{"$f":"IF(K27=\"Y\",VLOOKUP(I27&J27,'Mileage Look Up Table'!$C$1:$D$993,2,FALSE)*2,IF(K27=\"N\",VLOOKUP(I27&J27,'Mileage Look Up Table'!$C$1:$D$993,2,FALSE),\"\"))","v":""}]
["PARKING AND TOLLS (attach receipts)",null,null,null,null,null,null,"Total Miles",null,{"$f":"SUM(G14:G27)+SUM(M14:M27)","v":0},"x IRS Rate Per Mile",null,{"$f":"IF(G10=2019,B45,IF(G10=2020,B46,\"SELECT YEAR\"))","v":0.57499999999999996}]
["Date","Purpose",null,"Location",null,null,"Amount","Total Mileage:",null,null,null,{"$f":"J28*M28","v":0}]
[null,null,null,null,null,null,null,"Total Parking and Tolls:",null,null,null,{"$f":"SUM(G30:G32)","v":0}]
[]
[null,null,null,null,null,null,null,"TOTAL EXPENSE:",null,null,null,{"$f":"SUM(L29:L30)","v":0}]
["I (the employee) hereby certify under penalty of perjury that this is a true and correct claim for necessary expenses incurred by me and that no payment has been received by me on account thereof."]
["FQA:",null,null,null,null,null,null,null,null,"Total - District Travel (58000)"]
[]
[]
[null,null,null,null,null,null,null,null,null,null,null,"Total:",{"$f":"IF(SUM(M34:M36)=ROUND(L32,2),SUM(M34:M36),\"NOT DONE\")","v":0}]
["Employee Signature:",null,null,null,null,null,null,null,null,"Date:"]
[]
["Activity Advisor Signature:",null,null,null,null,null,null,null,null,"Date:"]
["ASB Treasurer Signature:",null,null,null,null,null,null,null,null,null,"Date:"]
["Primary Advisor Signature:",null,null,null,null,null,null,null,null,null,"Date:"]
["Student Rep Signature:",null,null,null,null,null,null,null,null,null,"Date:"]
[]
[2019,0.57999999999999996]
[2020,0.57499999999999996]
[]
["My home address (enter address below)"]
["Athletics"]
["Cascade High School"]
["Cedar Wood Elementary School"]
["CRC - Accounting"]
["CRC - Budget"]
["CRC - Business Services"]
["CRC - Career and Technical Education"]
["CRC - Categorical Programs"]
["CRC - Communications"]
["CRC - Community Services"]
["CRC - Curriculum and Assessment"]
["CRC - Curriculum Specialists and Support"]
["CRC - Curriculum, Assessment, and Special Programs"]
["CRC - Facilities and Operations"]
["CRC - Facilities and Planning"]
["CRC - Finance and Business Services"]
["CRC - Food and Nutrition Services"]
["CRC - Human Resources"]
["CRC - Information Systems and Technology"]
["CRC - Learning Management Systems"]
["CRC - On-time Graduation"]
["CRC - Payroll"]
["CRC - Purchasing"]
["CRC - Special Services"]
["CRC - Student Support Services"]
["CRC - Substitute Employee Placement"]
["CRC - Superintendent's Office"]
["CRC - Teaching and Learning"]
["CRC - Wellness"]
["Eisenhower Middle School"]
["Emerson Elementary School"]
["Everett High School"]
["Evergreen Middle School"]
["Forest View Elementary School"]
["Garfield Elementary School"]
["Gateway Middle School"]
["Hawthorne Elementary School"]
["Heatherwood Middle School"]
["Henry M. Jackson High School"]
["Jackson Elementary School"]
["James Monroe Elementary School"]
["Jefferson Elementary School"]
["Lowell Elementary School"]
["Madison Elementary School"]
["Maintenance and Operations"]
["Mill Creek Elementary School"]
["North Middle School"]
["Penny Creek Elementary School"]
["Science Resource Center"]
["Sequoia High School/Online/Port Gardner"]
["Silver Firs Elementary School"]
["Silver Lake Elementary School"]
["Tambark Creek Elementary School"]
["Transportation"]
["View Ridge Elementary School"]
["Whittier Elementary School"]
["Woodside Elementary School"]
[]
["January 1"]
["January 2"]
["January 3"]
["January 4"]
["January 5"]
["January 6"]
["January 7"]
["January 8"]
["January 9"]
["January 10"]
["January 11"]
["January 12"]
["January 13"]
["January 14"]
["January 15"]
["January 16"]
["January 17"]
["January 18"]
["January 19"]
["January 20"]
["January 21"]
["January 22"]
["January 23"]
["January 24"]
["January 25"]
["January 26"]
["January 27"]
["January 28"]
["January 29"]
["January 30"]
["January 31"]
["February 1"]
["February 2"]
["February 3"]
["February 4"]
["February 5"]
["February 6"]
["February 7"]
["February 8"]
["February 9"]
["February 10"]
["February 11"]
["February 12"]
["February 13"]
["February 14"]
["February 15"]
["February 16"]
["February 17"]
["February 18"]
["February 19"]
["February 20"]
["February 21"]
["February 22"]
["February 23"]
["February 24"]
["February 25"]
["February 26"]
["February 27"]
["February 28"]
["March 1"]
["March 2"]
["March 3"]
["March 4"]
["March 5"]
["March 6"]
["March 7"]
["March 8"]
["March 9"]
["March 10"]
["March 11"]
["March 12"]
["March 13"]
["March 14"]
["March 15"]
["March 16"]
["March 17"]
["March 18"]
["March 19"]
["March 20"]
["March 21"]
["March 22"]
["March 23"]
["March 24"]
["March 25"]
["March 26"]
["March 27"]
["March 28"]
["March 29"]
["March 30"]
["March 31"]
["April 1"]
["April 2"]
["April 3"]
["April 4"]
["April 5"]
["April 6"]
["April 7"]
["April 8"]
["April 9"]
["April 10"]
["April 11"]
["April 12"]
["April 13"]
["April 14"]
["April 15"]
["April 16"]
["April 17"]
["April 18"]
["April 19"]
["April 20"]
["April 21"]
["April 22"]
["April 23"]
["April 24"]
["April 25"]
["April 26"]
["April 27"]
["April 28"]
["April 29"]
["April 30"]
["May 1"]
["May 2"]
["May 3"]
["May 4"]
["May 5"]
["May 6"]
["May 7"]
["May 8"]
["May 9"]
["May 10"]
["May 11"]
["May 12"]
["May 13"]
["May 14"]
["May 15"]
["May 16"]
["May 17"]
["May 18"]
["May 19"]
["May 20"]
["May 21"]
["May 22"]
["May 23"]
["May 24"]
["May 25"]
["May 26"]
["May 27"]
["May 28"]
["May 29"]
["May 30"]
["May 31"]
["June 1"]
["June 2"]
["June 3"]
["June 4"]
["June 5"]
["June 6"]
["June 7"]
["June 8"]
["June 9"]
["June 10"]
["June 11"]
["June 12"]
["June 13"]
["June 14"]
["June 15"]
["June 16"]
["June 17"]
["June 18"]
["June 19"]
["June 20"]
["June 21"]
["June 22"]
["June 23"]
["June 24"]
["June 25"]
["June 26"]
["June 27"]
["June 28"]
["June 29"]
["June 30"]
["July 1"]
["July 2"]
["July 3"]
["July 4"]
["July 5"]
["July 6"]
["July 7"]
["July 8"]
["July 9"]
["July 10"]
["July 11"]
["July 12"]
["July 13"]
["July 14"]
["July 15"]
["July 16"]
["July 17"]
["July 18"]
["July 19"]
["July 20"]
["July 21"]
["July 22"]
["July 23"]
["July 24"]
["July 25"]
["July 26"]
["July 27"]
["July 28"]
["July 29"]
["July 30"]
["July 31"]
["August 1"]
["August 2"]
["August 3"]
["August 4"]
["August 5"]
["August 6"]
["August 7"]
["August 8"]
["August 9"]
["August 10"]
["August 11"]
["August 12"]
["August 13"]
["August 14"]
["August 15"]
["August 16"]
["August 17"]
["August 18"]
["August 19"]
["August 20"]
["August 21"]
["August 22"]
["August 23"]
["August 24"]
["August 25"]
["August 26"]
["August 27"]
["August 28"]
["August 29"]
["August 30"]
["August 31"]
["September 1"]
["September 2"]
["September 3"]
["September 4"]
["September 5"]
["September 6"]
["September 7"]
["September 8"]
["September 9"]
["September 10"]
["September 11"]
["September 12"]
["September 13"]
["September 14"]
["September 15"]
["September 16"]
["September 17"]
["September 18"]
["September 19"]
["September 20"]
["September 21"]
["September 22"]
["September 23"]
["September 24"]
["September 25"]
["September 26"]
["September 27"]
["September 28"]
["September 29"]
["September 30"]
["October 1"]
["October 2"]
["October 3"]
["October 4"]
["October 5"]
["October 6"]
["October 7"]
["October 8"]
["October 9"]
["October 10"]
["October 11"]
["October 12"]
["October 13"]
["October 14"]
["October 15"]
["October 16"]
["October 17"]
["October 18"]
["October 19"]
["October 20"]
["October 21"]
["October 22"]
["October 23"]
["October 24"]
["October 25"]
["October 26"]
["October 27"]
["October 28"]
["October 29"]
["October 30"]
["October 31"]
["November 1"]
["November 2"]
["November 3"]
["November 4"]
["November 5"]
["November 6"]
["November 7"]
["November 8"]
["November 9"]
["November 10"]
["November 11"]
["November 12"]
["November 13"]
["November 14"]
["November 15"]
["November 16"]
["November 17"]
["November 18"]
["November 19"]
["November 20"]
["November 21"]
["November 22"]
["November 23"]
["November 24"]
["November 25"]
["November 26"]
["November 27"]
["November 28"]
["November 29"]
["November 30"]
["December 1"]
["December 2"]
["December 3"]
["December 4"]
["December 5"]
["December 6"]
["December 7"]
["December 8"]
["December 9"]
["December 10"]
["December 11"]
["December 12"]
["December 13"]
["December 14"]
["December 15"]
["December 16"]
["December 17"]
["December 18"]
["December 19"]
["December 20"]
["December 21"]
["December 22"]
["December 23"]
["December 24"]
["December 25"]
["December 26"]
["December 27"]
["December 28"]
["December 29"]
["December 30"]
["December 31"]

{"sheet":"Mileage Chart","index":1,"n_rows":32,"n_cols":31,"rows_kept":32,"cut":false,"hidden":false,"merged":[]}
["CRC","ATH","MAINT","CW","EM","FV","GA","HA","JA","JE","LO","MA","MC","MO","PC","SF","SL","VR","WH","WO","EIS","EVGN","HWD","GTWY","NOR","CHS","EHS","JHS","SEQ","BUS","LIVELY"]
["CRC",0.4,1.3,11.1,4,12,2,2.9,1.4,4.3,1.2,2.6,8.5,5.3,7.8,10,6.9,2.2000000000000002,2.9,11.4,4.8,4.0999999999999996,8,10.5,1.4,3.8,1.7,7.4,0.8,7.1,10.199999999999999]
[null,"ATH",1.2,11.3,4,12.3,1.9,2.8,1,4.5999999999999996,1.4,2.5,8.8000000000000007,5.6,8.1,10.3,7.3,2.2999999999999998,2.8,11.6,5.0999999999999996,3.7,8.3000000000000007,10.8,1.2,3.6,1.4,7.7,0.6,7.3,10.5]
[null,null,"MAINT",11.9,5.3,12.3,0.7,1.9,1.8,5.5,2.2999999999999998,3.7,10.3,6.9,9.3000000000000007,11.6,8.5,3.4,1.9,12.9,6.4,4.8,9.1,12.1,0.2,4.9000000000000004,0.7,9.1,1.4,8.5,11.6]
[null,null,null,"CW",7.8,2.8,12.1,13.5,12.2,5.8,8.6999999999999993,9,1.6,4.4000000000000004,2.8,3.2,3.6,9.6999999999999993,13.1,0.9,5.2,7.9,3.2,2.5,11.7,7.7,12,3.8,11.1,8.8000000000000007,2.6]
[null,null,null,null,"EM",8.3000000000000007,6.6,7.9,4.5,2.4,2.9,2.4,6,3,5.0999999999999996,7.6,3.5,3,7.6,8.1,2.9,1.3,4.9000000000000004,7.8,6.2,0.5,5.0999999999999996,4.7,4,1.8,7]
[null,null,null,null,null,"FV",13.2,14.3,12,6.8,9.3000000000000007,10.9,2.5,5.4,3.5,1.1000000000000001,4.2,11.4,14.5,3.6,6.2,8.8000000000000007,3.8,0.3,12.6,8.6,12.9,4.0999999999999996,11.6,9.5,3.5]
[null,null,null,null,null,null,"GA",1.2,2.6,6.1,3.1,4.3,11.5,7.2,9.5,13,8.6,4.0999999999999996,2,13.5,6.6,6.1,9.8000000000000007,13.5,0.6,5.5,0.9,9.6,2.2999999999999998,9,12.2]
[null,null,null,null,null,null,null,"HA",3.5,7.1,4,5.7,12.9,8.1,10.4,14.5,10,5.4,0.8,14.4,7.9,6.9,11.2,14.9,1.5,7.2,1.8,11,3,8.1999999999999993,13.5]
[null,null,null,null,null,null,null,null,"JA",5.3,2.2999999999999998,2.5,9.9,6.3,8.6,10.9,8.3000000000000007,1.6,3.5,12.3,5.8,3.5,8.9,12,2,3.6,1.7,8.9,0.5,4.7,11.4]
[null,null,null,null,null,null,null,null,null,"JE",3.2,3.4,4.9000000000000004,1.9,4.0999999999999996,6.5,3,4.3,7.7,7.6,1.3,2.2000000000000002,4.7,6.5,5.4,2.4,6.6,4.7,5.6,3.3,6]
[null,null,null,null,null,null,null,null,null,null,"LO",1.7,7.3,5.4,6.5,8.6,5.3,2.7,3.9,10,3.7,2.8,6.4,9.6,2.2999999999999998,2.6,2.8,6.2,2,4.2,9.3000000000000007]
[null,null,null,null,null,null,null,null,null,null,null,"MA",7.9,4.5,6.8,9.1999999999999993,5.6,1.1000000000000001,5.3,9.8000000000000007,3.8,1.4,6.4,10.9,3.9,2.2000000000000002,3.5,7,2.2999999999999998,2.7,9.6]
[null,null,null,null,null,null,null,null,null,null,null,null,"MC",3.1,1.9,2.9,2.2999999999999998,8.1999999999999993,12,2.2999999999999998,3.9,6.4,1.6,2.2000000000000002,10.199999999999999,6.4,9.8000000000000007,2.2000000000000002,9.1999999999999993,6.9,1.8]
[null,null,null,null,null,null,null,null,null,null,null,null,null,"MO",2.2999999999999998,4.5999999999999996,1.6,5.3,8.6999999999999993,5.0999999999999996,1.6,3.5,3.1,5.0999999999999996,6.9,3.4,6.9,3.1,6.6,4.3,4.5999999999999996]
[null,null,null,null,null,null,null,null,null,null,null,null,null,null,"PC",2.4,1.6,7.9,10.7,3.5,3.1,5.6,2.4,3,9.4,5.5,10.6,1.7,8.6,6.5,3]
[null,null,null,null,null,null,null,null,null,null,null,null,null,null,null,"SF",4,10.3,13.4,4,5.4,8.9,3.7,1,12.6,8,12.3,4.2,11,8.8000000000000007,3.4]
[null,null,null,null,null,null,null,null,null,null,null,null,null,null,null,null,"SL",6.5,9.8000000000000007,4.5,2.5,4.5,1.3,4.3,8.6999999999999993,4.0999999999999996,8.6,1,7.8,5.3,3.4]
[null,null,null,null,null,null,null,null,null,null,null,null,null,null,null,null,null,"VR",5.0999999999999996,11.6,4.5999999999999996,1.6,7.5,11.4,3.6,2.9,3.3,7.5,2.1,3.4,10.3]
[null,null,null,null,null,null,null,null,null,null,null,null,null,null,null,null,null,null,"WH",14.2,8.5,6.5,10.4,14.5,1.8,6.4,1.7,10.4,3,7.9,13.2]
[null,null,null,null,null,null,null,null,null,null,null,null,null,null,null,null,null,null,null,"WO",6.1,9.8000000000000007,4.3,3.3,12.8,9.1999999999999993,13.2,4.0999999999999996,12.6,8.8000000000000007,2.2000000000000002]
[null,null,null,null,null,null,null,null,null,null,null,null,null,null,null,null,null,null,null,null,"EIS",3.1,3.7,5.8,6.5,2.8,6.5,3.7,5.4,3.8,5.4]
[null,null,null,null,null,null,null,null,null,null,null,null,null,null,null,null,null,null,null,null,null,"EVGN",5.5,10,5,1,4.5999999999999996,5.4,3.7,1.9,8.4]
[null,null,null,null,null,null,null,null,null,null,null,null,null,null,null,null,null,null,null,null,null,null,"HWD",3.5,9.5,5.7,9.1,0.6,8.6999999999999993,5.5,2.6]
[null,null,null,null,null,null,null,null,null,null,null,null,null,null,null,null,null,null,null,null,null,null,null,"GTWY",13.2,9.1,13.4,4.5,10.9,9.3000000000000007,3.3]
[null,null,null,null,null,null,null,null,null,null,null,null,null,null,null,null,null,null,null,null,null,null,null,null,"NOR",5,0.7,9.1999999999999993,1.5,6.6,11.8]
[null,null,null,null,null,null,null,null,null,null,null,null,null,null,null,null,null,null,null,null,null,null,null,null,null,"CHS",5,5.7,3.7,1.7,7.8]
[null,null,null,null,null,null,null,null,null,null,null,null,null,null,null,null,null,null,null,null,null,null,null,null,null,null,"EHS",9.1,1.2,6.2,12]
[null,null,null,null,null,null,null,null,null,null,null,null,null,null,null,null,null,null,null,null,null,null,null,null,null,null,null,"JHS",8.4,5.4,3]
[null,null,null,null,null,null,null,null,null,null,null,null,null,null,null,null,null,null,null,null,null,null,null,null,null,null,null,null,"SEQ",5,11.2]
[null,null,null,null,null,null,null,null,null,null,null,null,null,null,null,null,null,null,null,null,null,null,null,null,null,null,null,null,null,"BUS",7.7]
[null,null,null,null,null,null,null,null,null,null,null,null,null,null,null,null,null,null,null,null,null,null,null,null,null,null,null,null,null,null,"LIVELY"]

{"sheet":"Mileage Look Up Table","index":2,"n_rows":993,"n_cols":4,"rows_kept":993,"cut":false,"hidden":false,"merged":[]}
["From","To","Merged","Mileage"]
["CRC","ATH",{"$f":"A2&B2","v":"CRCATH"},0.4]
["CRC","MAINT",{"$f":"A3&B3","v":"CRCMAINT"},1.3]
["CRC","CW","CRCCW",11.1]
["CRC","EM","CRCEM",4]
["CRC","FV","CRCFV",12]
["CRC","GA","CRCGA",2]
["CRC","HA","CRCHA",2.9]
["CRC","JA","CRCJA",1.4]
["CRC","JE","CRCJE",4.3]
["CRC","LO","CRCLO",1.2]
["CRC","MA ","CRCMA ",2.6]
["CRC","MC","CRCMC",8.5]
["CRC","MO","CRCMO",5.3]
["CRC","PC","CRCPC",7.8]
["CRC","SF","CRCSF",10]
["CRC","SL","CRCSL",6.9]
["CRC","TC","CRCTC",11.5]
["CRC","VR","CRCVR",2.2000000000000002]
["CRC","WH","CRCWH",2.9]
["CRC","WO","CRCWO",11.4]
["CRC","EIS","CRCEIS",4.8]
["CRC","EVGN","CRCEVGN",4.0999999999999996]
["CRC","HWD","CRCHWD",8]
["CRC","GTWY","CRCGTWY",10.5]
["CRC","NOR","CRCNOR",1.4]
["CRC","CHS","CRCCHS",3.8]
["CRC","EHS","CRCEHS",1.7]
["CRC","JHS","CRCJHS",7.4]
["CRC","SEQ","CRCSEQ",0.8]
["CRC","BUS","CRCBUS",7.1]
["CRC","LIVELY","CRCLIVELY",10.199999999999999]
["ATH","CRC","ATHCRC",0.4]
["ATH","MAINT","ATHMAINT",1.2]
["ATH","CW","ATHCW",11.3]
["ATH","EM","ATHEM",4]
["ATH","FV","ATHFV",12.3]
["ATH","GA","ATHGA",1.9]
["ATH","HA","ATHHA",2.8]
["ATH","JA","ATHJA",1]
["ATH","JE","ATHJE",4.5999999999999996]
["ATH","LO","ATHLO",1.4]
["ATH","MA ","ATHMA ",2.5]
["ATH","MC","ATHMC",8.8000000000000007]
["ATH","MO","ATHMO",5.6]
["ATH","PC","ATHPC",8.1]
["ATH","SF","ATHSF",10.3]
["ATH","SL","ATHSL",7.3]
["ATH","TC","ATHTC",11.9]
["ATH","VR","ATHVR",2.2999999999999998]
["ATH","WH","ATHWH",2.8]
["ATH","WO","ATHWO",11.6]
["ATH","EIS","ATHEIS",5.0999999999999996]
["ATH","EVGN","ATHEVGN",3.7]
["ATH","HWD","ATHHWD",8.3000000000000007]
["ATH","GTWY","ATHGTWY",10.8]
["ATH","NOR","ATHNOR",1.2]
["ATH","CHS","ATHCHS",3.6]
["ATH","EHS","ATHEHS",1.4]
["ATH","JHS","ATHJHS",7.7]
["ATH","SEQ","ATHSEQ",0.6]
["ATH","BUS","ATHBUS",7.3]
["ATH","LIVELY","ATHLIVELY",10.5]
["MAINT","CRC","MAINTCRC",1.3]
["MAINT","ATH","MAINTATH",1.2]
["MAINT","CW","MAINTCW",11.9]
["MAINT","EM","MAINTEM",5.3]
["MAINT","FV","MAINTFV",12.3]
["MAINT","GA",{"$f":"A69&B69","v":"MAINTGA"},0.7]
["MAINT","HA","MAINTHA",1.9]
["MAINT","JA","MAINTJA",1.8]
["MAINT","JE","MAINTJE",5.5]
["MAINT","LO","MAINTLO",2.2999999999999998]
["MAINT","MA ","MAINTMA ",3.7]
["MAINT","MC","MAINTMC",10.3]
["MAINT","MO","MAINTMO",6.9]
["MAINT","PC","MAINTPC",9.3000000000000007]
["MAINT","SF","MAINTSF",11.6]
["MAINT","SL","MAINTSL",8.5]
["MAINT","TC","MAINTTC",12.8]
["MAINT","VR","MAINTVR",3.4]
["MAINT","WH","MAINTWH",1.9]
["MAINT","WO","MAINTWO",12.9]
["MAINT","EIS","MAINTEIS",6.4]
["MAINT","EVGN","MAINTEVGN",4.8]
["MAINT","HWD","MAINTHWD",9.1]
["MAINT","GTWY","MAINTGTWY",12.1]
["MAINT","NOR","MAINTNOR",0.2]
["MAINT","CHS","MAINTCHS",4.9000000000000004]
["MAINT","EHS","MAINTEHS",0.7]
["MAINT","JHS","MAINTJHS",9.1]
["MAINT","SEQ","MAINTSEQ",1.4]
["MAINT","BUS","MAINTBUS",8.5]
["MAINT","LIVELY","MAINTLIVELY",11.6]
["CW","CRC","CWCRC",11.1]
["CW","ATH","CWATH",11.3]
["CW","MAINT","CWMAINT",11.9]
["CW","EM","CWEM",7.8]
["CW","FV","CWFV",2.8]
["CW","GA","CWGA",12.1]
["CW","HA","CWHA",13.5]
["CW","JA","CWJA",12.2]
["CW","JE","CWJE",5.8]
["CW","LO","CWLO",8.6999999999999993]
["CW","MA ","CWMA ",9]
["CW","MC","CWMC",1.6]
["CW","MO","CWMO",4.4000000000000004]
["CW","PC","CWPC",2.8]
["CW","SF","CWSF",3.2]
["CW","TC","CWTC",1.5]
["CW","SL","CWSL",3.6]
["CW","VR","CWVR",9.6999999999999993]
["CW","WH","CWWH",13.1]
["CW","WO","CWWO",0.9]
["CW","EIS","CWEIS",5.2]
["CW","EVGN","CWEVGN",7.9]
["CW","HWD","CWHWD",3.2]
["CW","GTWY","CWGTWY",2.5]
["CW","NOR","CWNOR",11.7]
["CW","CHS","CWCHS",7.7]
["CW","EHS","CWEHS",12]
["CW","JHS","CWJHS",3.8]
["CW","SEQ","CWSEQ",11.1]
["CW","BUS","CWBUS",8.8000000000000007]
["CW","LIVELY","CWLIVELY",2.6]
["EM","CRC","EMCRC",4]
["EM","ATH","EMATH",4]
["EM","MAINT","EMMAINT",5.3]
["EM","CW","EMCW",7.8]
["EM","FV","EMFV",8.3000000000000007]
["EM","GA","EMGA",6.6]
["EM","HA","EMHA",7.9]
["EM","JA","EMJA",4.5]
["EM","JE","EMJE",2.4]
["EM","LO",{"$f":"A135&B135","v":"EMLO"},2.9]
["EM","MA ","EMMA ",2.4]
["EM","MC","EMMC",6]
["EM","MO","EMMO",3]
["EM","PC","EMPC",5.0999999999999996]
["EM","SF","EMSF",7.6]
["EM","SL","EMSL",3.5]
["EM","TC","EMTC",8.1999999999999993]
["EM","VR","EMVR",3]
["EM","WH","EMWH",7.6]
["EM","WO","EMWO",8.1]
["EM","EIS","EMEIS",2.9]
["EM","EVGN","EMEVGN",1.3]
["EM","HWD","EMHWD",4.9000000000000004]
["EM","GTWY","EMGTWY",7.8]
["EM","NOR","EMNOR",6.2]
["EM","CHS","EMCHS",0.5]
["EM","EHS","EMEHS",5.0999999999999996]
["EM","JHS","EMJHS",4.7]
["EM","SEQ","EMSEQ",4]
["EM","BUS","EMBUS",1.8]
["EM","LIVELY","EMLIVELY",7]
["FV","CRC","FVCRC",12]
["FV","ATH","FVATH",12.3]
["FV","MAINT","FVMAINT",12.3]
["FV","CW","FVCW",2.8]
["FV","EM","FVEM",8.3000000000000007]
["FV","GA","FVGA",13.2]
["FV","HA","FVHA",14.3]
["FV","JA","FVJA",12]
["FV","JE","FVJE",6.8]
["FV","LO","FVLO",9.3000000000000007]
["FV","MA ","FVMA ",10.9]
["FV","MC","FVMC",2.5]
["FV","MO","FVMO",5.4]
["FV","PC","FVPC",3.5]
["FV","SF","FVSF",1.1000000000000001]
["FV","SL","FVSL",4.2]
["FV","TC","FVTC",2.7]
["FV","VR","FVVR",11.4]
["FV","WH","FVWH",14.5]
["FV","WO","FVWO",3.6]
["FV","EIS","FVEIS",6.2]
["FV","EVGN","FVEVGN",8.8000000000000007]
["FV","HWD","FVHWD",3.8]
["FV","GTWY","FVGTWY",0.3]
["FV","NOR","FVNOR",12.6]
["FV","CHS","FVCHS",8.6]
["FV","EHS","FVEHS",12.9]
["FV","JHS","FVJHS",4.0999999999999996]
["FV","SEQ","FVSEQ",11.6]
["FV","BUS","FVBUS",9.5]
["FV","LIVELY","FVLIVELY",3.5]
["GA","CRC","GACRC",2]
["GA","ATH","GAATH",1.9]
["GA","MAINT","GAMAINT",0.7]
["GA","CW","GACW",12.1]
["GA","EM","GAEM",6.6]
["GA","FV","GAFV",13.2]
["GA","HA","GAHA",1.2]
["GA","JA","GAJA",2.6]
["GA","JE","GAJE",6.1]
["GA","LO","GALO",3.1]
["GA","MA ","GAMA ",4.3]
["GA","MC","GAMC",11.5]
["GA","MO","GAMO",7.2]
["GA","PC",{"$f":"A201&B201","v":"GAPC"},9.5]
["GA","SF","GASF",13]
["GA","TC","GATC",12.8]
["GA","SL","GASL",8.6]
["GA","VR","GAVR",4.0999999999999996]
["GA","WH","GAWH",2]
["GA","WO","GAWO",13.5]
["GA","EIS","GAEIS",6.6]
["GA","EVGN","GAEVGN",6.1]
["GA","HWD","GAHWD",9.8000000000000007]
["GA","GTWY","GAGTWY",13.5]
["GA","NOR","GANOR",0.6]
["GA","CHS","GACHS",5.5]
["GA","EHS","GAEHS",0.9]
["GA","JHS","GAJHS",9.6]
["GA","SEQ","GASEQ",2.2999999999999998]
["GA","BUS","GABUS",9]
["GA","LIVELY","GALIVELY",12.2]
["HA","CRC","HACRC",2.9]
["HA","ATH","HAATH",2.8]
["HA","MAINT","HAMAINT",1.9]
["HA","CW","HACW",13.5]
["HA","EM","HAEM",7.9]
["HA","FV","HAFV",14.3]
["HA","GA","HAGA",1.2]
["HA","JA","HAJA",3.5]
["HA","JE","HAJE",7.1]
["HA","LO","HALO",4]
["HA","MA ","HAMA ",5.7]
["HA","MC","HAMC",12.9]
["HA","MO","HAMO",8.1]
["HA","PC","HAPC",10.4]
["HA","SF","HASF",14.5]
["HA","SL","HASL",10]
["HA","TC","HATC",14.7]
["HA","VR","HAVR",5.4]
["HA","WH","HAWH",0.8]
["HA","WO","HAWO",14.4]
["HA","EIS","HAEIS",7.9]
["HA","EVGN","HAEVGN",6.9]
["HA","HWD","HAHWD",11.2]
["HA","GTWY","HAGTWY",14.9]
["HA","NOR","HANOR",1.5]
["HA","CHS","HACHS",7.2]
["HA","EHS","HAEHS",1.8]
["HA","JHS","HAJHS",11]
["HA","SEQ","HASEQ",3]
["HA","BUS","HABUS",8.1999999999999993]
["HA","LIVELY","HALIVELY",13.5]
["JA","CRC","JACRC",1.4]
["JA","ATH","JAATH",1]
["JA","MAINT","JAMAINT",1.8]
["JA","CW","JACW",12.2]
["JA","EM","JAEM",4.5]
["JA","FV","JAFV",12]
["JA","GA","JAGA",2.6]
["JA","HA","JAHA",3.5]
["JA","JE","JAJE",5.3]
["JA","LO","JALO",2.2999999999999998]
["JA","MA ","JAMA ",2.5]
["JA","MC","JAMC",9.9]
["JA","MO","JAMO",6.3]
["JA","PC","JAPC",8.6]
["JA","SF","JASF",10.9]
["JA","SL","JASL",8.3000000000000007]
["JA","TC","JATC",12.4]
["JA","VR","JAVR",1.6]
["JA","WH",{"$f":"A268&B268","v":"JAWH"},3.5]
["JA","WO","JAWO",12.3]
["JA","EIS","JAEIS",5.8]
["JA","EVGN","JAEVGN",3.5]
["JA","HWD","JAHWD",8.9]
["JA","GTWY","JAGTWY",12]
["JA","NOR","JANOR",2]
["JA","CHS","JACHS",3.6]
["JA","EHS","JAEHS",1.7]
["JA","JHS","JAJHS",8.9]
["JA","SEQ","JASEQ",0.5]
["JA","BUS","JABUS",4.7]
["JA","LIVELY","JALIVELY",11.4]
["JE","CRC","JECRC",4.3]
["JE","ATH","JEATH",4.5999999999999996]
["JE","MAINT","JEMAINT",5.5]
["JE","CW","JECW",5.8]
["JE","EM","JEEM",2.4]
["JE","FV","JEFV",6.8]
["JE","GA","JEGA",6.1]
["JE","HA","JEHA",7.1]
["JE","JA","JEJA",5.3]
["JE","LO","JELO",3.2]
["JE","MA ","JEMA ",3.4]
["JE","MC","JEMC",4.9000000000000004]
["JE","MO","JEMO",1.9]
["JE","PC","JEPC",4.0999999999999996]
["JE","SF","JESF",6.5]
["JE","SL","JESL",3]
["JE","TC","JETC",7]
["JE","VR","JEVR",4.3]
["JE","WH","JEWH",7.7]
["JE","WO","JEWO",7.6]
["JE","EIS","JEEIS",1.3]
["JE","EVGN","JEEVGN",2.2000000000000002]
["JE","HWD","JEHWD",4.7]
["JE","GTWY","JEGTWY",6.5]
["JE","NOR","JENOR",5.4]
["JE","CHS","JECHS",2.4]
["JE","EHS","JEEHS",6.6]
["JE","JHS","JEJHS",4.7]
["JE","SEQ","JESEQ",5.6]
["JE","BUS","JEBUS",3.3]
["JE","LIVELY","JELIVELY",6]
["LO","CRC","LOCRC",1.2]
["LO","ATH","LOATH",1.4]
["LO","MAINT","LOMAINT",2.2999999999999998]
["LO","CW","LOCW",8.6999999999999993]
["LO","EM","LOEM",2.9]
["LO","FV","LOFV",9.3000000000000007]
["LO","GA","LOGA",3.1]
["LO","HA","LOHA",4]
["LO","JA","LOJA",2.2999999999999998]
["LO","JE","LOJE",3.2]
["LO","MA ","LOMA ",1.7]
["LO","MC","LOMC",7.3]
["LO","MO","LOMO",5.4]
["LO","PC","LOPC",6.5]
["LO","SF","LOSF",8.6]
["LO","SL","LOSL",5.3]
["LO","TC","LOTC",9.9]
["LO","VR","LOVR",2.7]
["LO","WH","LOWH",3.9]
["LO","WO","LOWO",10]
["LO","EIS","LOEIS",3.7]
["LO","EVGN","LOEVGN",2.8]
["LO","HWD",{"$f":"A334&B334","v":"LOHWD"},6.4]
["LO","GTWY","LOGTWY",9.6]
["LO","NOR","LONOR",2.2999999999999998]
["LO","CHS","LOCHS",2.6]
["LO","EHS","LOEHS",2.8]
["LO","JHS","LOJHS",6.2]
["LO","SEQ","LOSEQ",2]
["LO","BUS","LOBUS",4.2]
["LO","LIVELY","LOLIVELY",9.3000000000000007]
["MA","CRC","MACRC",2.6]
["MA","ATH","MAATH",2.5]
["MA","MAINT","MAMAINT",3.7]
["MA","CW","MACW",9]
["MA","EM","MAEM",2.4]
["MA","FV","MAFV",10.9]
["MA","GA","MAGA",4.3]
["MA","HA","MAHA",5.7]
["MA","JA","MAJA",2.5]
["MA","JE","MAJE",3.4]
["MA","LO","MALO",1.7]
["MA","MC","MAMC",7.9]
["MA","MO","MAMO",4.5]
["MA","PC","MAPC",6.8]
["MA","SF","MASF",9.1999999999999993]
["MA","SL","MASL",5.6]
["MA","TC","MATC",10.199999999999999]
["MA","VR","MAVR",1.1000000000000001]
["MA","WH","MAWH",5.3]
["MA","WO","MAWO",9.8000000000000007]
["MA","EIS","MAEIS",3.8]
["MA","EVGN","MAEVGN",1.4]
["MA","HWD","MAHWD",6.4]
["MA","GTWY","MAGTWY",10.9]
["MA","NOR","MANOR",3.9]
["MA","CHS","MACHS",2.2000000000000002]
["MA","EHS","MAEHS",3.5]
["MA","JHS","MAJHS",7]
["MA","SEQ","MASEQ",2.2999999999999998]
["MA","BUS","MABUS",2.7]
["MA","LIVELY","MALIVELY",9.6]
["MC","CRC","MCCRC",8.5]
["MC","ATH","MCATH",8.8000000000000007]
["MC","MAINT","MCMAINT",10.3]
["MC","CW","MCCW",1.6]
["MC","EM","MCEM",6]
["MC","FV","MCFV",2.5]
["MC","GA","MCGA",11.5]
["MC","HA","MCHA",12.9]
["MC","JA","MCJA",9.9]
["MC","JE","MCJE",4.9000000000000004]
["MC","LO","MCLO",7.3]
["MC","MA","MCMA",7.9]
["MC","MO","MCMO",3.1]
["MC","PC","MCPC",1.9]
["MC","SF","MCSF",2.9]
["MC","SL","MCSL",2.2999999999999998]
["MC","TC","MCTC",2.7]
["MC","VR","MCVR",8.1999999999999993]
["MC","WH","MCWH",12]
["MC","WO","MCWO",2.2999999999999998]
["MC","EIS","MCEIS",3.9]
["MC","EVGN","MCEVGN",6.4]
["MC","HWD","MCHWD",1.6]
["MC","GTWY","MCGTWY",2.2000000000000002]
["MC","NOR","MCNOR",10.199999999999999]
["MC","CHS","MCCHS",6.4]
["MC","EHS",{"$f":"A400&B400","v":"MCEHS"},9.8000000000000007]
["MC","JHS","MCJHS",2.2000000000000002]
["MC","SEQ","MCSEQ",9.1999999999999993]
["MC","BUS","MCBUS",6.9]
["MC","LIVELY","MCLIVELY",1.8]
["MO","CRC","MOCRC",5.3]
["MO","ATH","MOATH",5.6]
["MO","MAINT","MOMAINT",6.9]
["MO","CW","MOCW",4.4000000000000004]
["MO","EM","MOEM",3]
["MO","FV","MOFV",5.4]
["MO","GA","MOGA",7.2]
["MO","HA","MOHA",8.1]
["MO","JA","MOJA",6.3]
["MO","JE","MOJE",1.9]
["MO","LO","MOLO",5.4]
["MO","MA","MOMA",4.5]
["MO","MC","MOMC",3.1]
["MO","PC","MOPC",2.2999999999999998]
["MO","SF","MOSF",4.5999999999999996]
["MO","SL","MOSL",1.6]
["MO","TC","MOTC",5.6]
["MO","VR","MOVR",5.3]
["MO","WH","MOWH",8.6999999999999993]
["MO","WO","MOWO",5.0999999999999996]
["MO","EIS","MOEIS",1.6]
["MO","EVGN","MOEVGN",3.5]
["MO","HWD","MOHWD",3.1]
["MO","GTWY","MOGTWY",5.0999999999999996]
["MO","NOR","MONOR",6.9]
["MO","CHS","MOCHS",3.4]
["MO","EHS","MOEHS",6.9]
["MO","JHS","MOJHS",3.1]
["MO","SEQ","MOSEQ",6.6]
["MO","BUS","MOBUS",4.3]
["MO","LIVELY","MOLIVELY",4.5999999999999996]
["PC","CRC","PCCRC",7.8]
["PC","ATH","PCATH",8.1]
["PC","MAINT","PCMAINT",9.3000000000000007]
["PC","CW","PCCW",2.8]
["PC","EM","PCEM",5.0999999999999996]
["PC","FV","PCFV",3.5]
["PC","GA","PCGA",9.5]
["PC","HA","PCHA",10.4]
["PC","JA","PCJA",8.6]
["PC","JE","PCJE",4.0999999999999996]
["PC","LO","PCLO",6.5]
["PC","MA","PCMA",6.8]
["PC","MC","PCMC",1.9]
["PC","MO","PCMO",2.2999999999999998]
["PC","SF","PCSF",2.4]
["PC","SL","PCSL",1.6]
["PC","TC","PCTC",4]
["PC","VR","PCVR",7.9]
["PC","WH","PCWH",10.7]
["PC","WO","PCWO",3.5]
["PC","EIS","PCEIS",3.1]
["PC","EVGN","PCEVGN",5.6]
["PC","HWD","PCHWD",2.4]
["PC","GTWY","PCGTWY",3]
["PC","NOR","PCNOR",9.4]
["PC","CHS","PCCHS",5.5]
["PC","EHS","PCEHS",10.6]
["PC","JHS","PCJHS",1.7]
["PC","SEQ","PCSEQ",8.6]
["PC","BUS","PCBUS",6.5]
["PC","LIVELY",{"$f":"A466&B466","v":"PCLIVELY"},3]
["SF","CRC","SFCRC",10]
["SF","ATH","SFATH",10.3]
["SF","MAINT","SFMAINT",11.6]
["SF","CW","SFCW",3.2]
["SF","EM","SFEM",7.6]
["SF","FV","SFFV",1.1000000000000001]
["SF","GA","SFGA",13]
["SF","HA","SFHA",14.5]
["SF","JA","SFJA",10.9]
["SF","JE","SFJE",6.5]
["SF","LO","SFLO",8.6]
["SF","MA","SFMA",9.1999999999999993]
["SF","MC","SFMC",2.9]
["SF","MO","SFMO",4.5999999999999996]
["SF","PC","SFPC",2.4]
["SF","SL","SFSL",4]
["SF","TC","SFTC",3.5]
["SF","VR","SFVR",10.3]
["SF","WH","SFWH",13.4]
["SF","WO","SFWO",4]
["SF","EIS","SFEIS",5.4]
["SF","EVGN","SFEVGN",8.9]
["SF","HWD","SFHWD",3.7]
["SF","GTWY","SFGTWY",1]
["SF","NOR","SFNOR",12.6]
["SF","CHS","SFCHS",8]
["SF","EHS","SFEHS",12.3]
["SF","JHS","SFJHS",4.2]
["SF","SEQ","SFSEQ",11]
["SF","BUS","SFBUS",8.8000000000000007]
["SF","LIVELY","SFLIVELY",3.4]
["SL","CRC","SLCRC",6.9]
["SL","ATH","SLATH",7.3]
["SL","MAINT","SLMAINT",8.5]
["SL","CW","SLCW",3.6]
["SL","EM","SLEM",3.5]
["SL","FV","SLFV",4.2]
["SL","GA","SLGA",8.6]
["SL","HA","SLHA",10]
["SL","JA","SLJA",8.3000000000000007]
["SL","JE","SLJE",3]
["SL","LO","SLLO",5.3]
["SL","MA","SLMA",5.6]
["SL","MC","SLMC",2.2999999999999998]
["SL","MO","SLMO",1.6]
["SL","PC","SLPC",1.6]
["SL","SF","SLSF",4]
["SL","TC","SLTC",4.9000000000000004]
["SL","VR","SLVR",6.5]
["SL","WH","SLWH",9.8000000000000007]
["SL","WO","SLWO",4.5]
["SL","EIS","SLEIS",2.5]
["SL","EVGN","SLEVGN",4.5]
["SL","HWD","SLHWD",1.3]
["SL","GTWY","SLGTWY",4.3]
["SL","NOR","SLNOR",8.6999999999999993]
["SL","CHS","SLCHS",4.0999999999999996]
["SL","EHS","SLEHS",8.6]
["SL","JHS","SLJHS",1]
["SL","SEQ","SLSEQ",7.8]
["SL","BUS","SLBUS",5.3]
["SL","LIVELY","SLLIVELY",3.4]
["TC","CRC","TCCRC",11.5]
["TC","ATH","TCATH",11.9]
["TC","MAINT","TCMAINT",12.8]
["TC","CW","TCCW",1.5]
["TC","EM","TCEM",8.1999999999999993]
["TC","FV","TCFV",2.7]
["TC","GA","TCGA",12.8]
["TC","HA","TCHA",14.7]
["TC","JA","TCJA",12.4]
["TC","JE","TCJE",7]
["TC","LO","TCLO",9.9]
["TC","MA","TCMA",10.199999999999999]
["TC","MC","TCMC",2.7]
["TC","MO","TCMO",5.6]
["TC","PC","TCPC",4]
["TC","SF","TCSF",3.5]
["TC","SL","TCSL",4.9000000000000004]
["TC","VR","TCVR",11.1]
["TC","WH","TCWH",14.4]
["TC","WO","TCWO",2.1]
["TC","EIS","TCEIS",6.4]
["TC","EVGN","TCEVGN",9.1]
["TC","HWD","TCHWD",4.0999999999999996]
["TC","GTWY","TCGTWY",2.8]
["TC","NOR","TCNOR",12.9]
["TC","CHS","TCCHS",8.9]
["TC","EHS","TCEHS",13.2]
["TC","JHS","TCJHS",4.9000000000000004]
["TC","SEQ","TCSEQ",11.9]
["TC","BUS","TCBUS",9.6999999999999993]
["TC","LIVELY","TCLIVELY",3]
["VR","CRC","VRCRC",2.2000000000000002]
["VR","ATH","VRATH",2.2999999999999998]
["VR","MAINT","VRMAINT",3.4]
["VR","CW",{"$f":"A563&B563","v":"VRCW"},9.6999999999999993]
["VR","EM","VREM",3]
["VR","FV","VRFV",11.4]
["VR","GA","VRGA",4.0999999999999996]
["VR","HA","VRHA",5.4]
["VR","JA","VRJA",1.6]
["VR","JE","VRJE",4.3]
["VR","LO","VRLO",2.7]
["VR","MA","VRMA",1.1000000000000001]
["VR","MC","VRMC",8.1999999999999993]
["VR","MO","VRMO",5.3]
["VR","PC","VRPC",7.9]
["VR","SF","VRSF",10.3]
["VR","SL","VRSL",6.5]
["VR","TC","VRTC",11.1]
["VR","WH","VRWH",5.0999999999999996]
["VR","WO","VRWO",11.6]
["VR","EIS","VREIS",4.5999999999999996]
["VR","EVGN","VREVGN",1.6]
["VR","HWD","VRHWD",7.5]
["VR","GTWY","VRGTWY",11.4]
["VR","NOR","VRNOR",3.6]
["VR","CHS","VRCHS",2.9]
["VR","EHS","VREHS",3.3]
["VR","JHS","VRJHS",7.5]
["VR","SEQ","VRSEQ",2.1]
["VR","BUS","VRBUS",3.4]
["VR","LIVELY","VRLIVELY",10.3]
["WH","CRC","WHCRC",2.9]
["WH","ATH","WHATH",2.8]
["WH","MAINT","WHMAINT",1.9]
["WH","CW","WHCW",13.1]
["WH","EM","WHEM",7.6]
["WH","FV","WHFV",14.5]
["WH","GA","WHGA",2]
["WH","HA","WHHA",0.8]
["WH","JA","WHJA",3.5]
["WH","JE","WHJE",7.7]
["WH","LO","WHLO",3.9]
["WH","MA","WHMA",5.3]
["WH","MC","WHMC",12]
["WH","MO","WHMO",8.6999999999999993]
["WH","PC","WHPC",10.7]
["WH","SF","WHSF",13.4]
["WH","SL","WHSL",9.8000000000000007]
["WH","TC","WHTC",14.4]
["WH","VR","WHVR",5.0999999999999996]
["WH","WO","WHWO",14.2]
["WH","EIS","WHEIS",8.5]
["WH","EVGN","WHEVGN",6.5]
["WH","HWD","WHHWD",10.4]
["WH","GTWY","WHGTWY",14.5]
["WH","NOR","WHNOR",1.8]
["WH","CHS","WHCHS",6.4]
["WH","EHS","WHEHS",1.7]
["WH","JHS","WHJHS",10.4]
["WH","SEQ","WHSEQ",3]
["WH","BUS","WHBUS",7.9]
["WH","LIVELY","WHLIVELY",13.2]
["WO","CRC","WOCRC",11.4]
["WO","ATH","WOATH",11.6]
["WO","MAINT","WOMAINT",12.9]
["WO","CW","WOCW",0.9]
["WO","EM","WOEM",8.1]
["WO","FV","WOFV",3.6]
["WO","GA","WOGA",13.5]
["WO","HA",{"$f":"A629&B629","v":"WOHA"},14.4]
["WO","JA","WOJA",12.3]
["WO","JE","WOJE",7.6]
["WO","LO","WOLO",10]
["WO","MA","WOMA",9.8000000000000007]
["WO","MC","WOMC",2.2999999999999998]
["WO","MO","WOMO",5.0999999999999996]
["WO","PC","WOPC",3.5]
["WO","SF","WOSF",4]
["WO","SL","WOSL",4.5]
["WO","TC","WOTC",2.1]
["WO","VR","WOVR",11.6]
["WO","WH","WOWH",14.2]
["WO","EIS","WOEIS",6.1]
["WO","EVGN","WOEVGN",9.8000000000000007]
["WO","HWD","WOHWD",4.3]
["WO","GTWY","WOGTWY",3.3]
["WO","NOR","WONOR",12.8]
["WO","CHS","WOCHS",9.1999999999999993]
["WO","EHS","WOEHS",13.2]
["WO","JHS","WOJHS",4.0999999999999996]
["WO","SEQ","WOSEQ",12.6]
["WO","BUS","WOBUS",8.8000000000000007]
["WO","LIVELY","WOLIVELY",2.2000000000000002]
["EIS","CRC","EISCRC",4.8]
["EIS","ATH","EISATH",5.0999999999999996]
["EIS","MAINT","EISMAINT",6.4]
["EIS","CW","EISCW",5.2]
["EIS","EM","EISEM",2.9]
["EIS","FV","EISFV",6.2]
["EIS","GA","EISGA",6.6]
["EIS","HA","EISHA",7.9]
["EIS","JA","EISJA",5.8]
["EIS","JE","EISJE",1.3]
["EIS","LO","EISLO",3.7]
["EIS","MA","EISMA",3.8]
["EIS","MC","EISMC",3.9]
["EIS","MO","EISMO",1.6]
["EIS","PC","EISPC",3.1]
["EIS","SF","EISSF",5.4]
["EIS","SL","EISSL",2.5]
["EIS","TC","EISTC",6.4]
["EIS","VR","EISVR",4.5999999999999996]
["EIS","WH","EISWH",8.5]
["EIS","WO","EISWO",6.1]
["EIS","EVGN","EISEVGN",3.1]
["EIS","HWD","EISHWD",3.7]
["EIS","GTWY","EISGTWY",5.8]
["EIS","NOR","EISNOR",6.5]
["EIS","CHS","EISCHS",2.8]
["EIS","EHS","EISEHS",6.5]
["EIS","JHS","EISJHS",3.7]
["EIS","SEQ","EISSEQ",5.4]
["EIS","BUS","EISBUS",3.8]
["EIS","LIVELY","EISLIVELY",5.4]
["EVGN","CRC","EVGNCRC",4.0999999999999996]
["EVGN","AH","EVGNAH",3.7]
["EVGN","MAINT","EVGNMAINT",4.8]
["EVGN","CW","EVGNCW",7.9]
["EVGN","EM","EVGNEM",1.3]
["EVGN","FV","EVGNFV",8.8000000000000007]
["EVGN","GA","EVGNGA",6.1]
["EVGN","HA","EVGNHA",6.9]
["EVGN","JA","EVGNJA",3.5]
["EVGN","JE","EVGNJE",2.2000000000000002]
["EVGN","LO","EVGNLO",2.8]
["EVGN","MA",{"$f":"A695&B695","v":"EVGNMA"},1.4]
["EVGN","MC","EVGNMC",6.4]
["EVGN","MO","EVGNMO",3.5]
["EVGN","PC","EVGNPC",5.6]
["EVGN","SF","EVGNSF",8.9]
["EVGN","SL","EVGNSL",4.5]
["EVGN","TC","EVGNTC",9.1]
["EVGN","VR","EVGNVR",1.6]
["EVGN","WH","EVGNWH",6.5]
["EVGN","WO","EVGNWO",9.8000000000000007]
["EVGN","EIS","EVGNEIS",3.1]
["EVGN","HWD","EVGNHWD",5.5]
["EVGN","GTWY","EVGNGTWY",10]
["EVGN","NOR","EVGNNOR",5]
["EVGN","CHS","EVGNCHS",1]
["EVGN","EHS","EVGNEHS",4.5999999999999996]
["EVGN","JHS","EVGNJHS",5.4]
["EVGN","SEQ","EVGNSEQ",3.7]
["EVGN","BUS","EVGNBUS",1.9]
["EVGN","LIVELY","EVGNLIVELY",8.4]
["HWD","CRC","HWDCRC",8]
["HWD","ATH","HWDATH",8.3000000000000007]
["HWD","MAINT","HWDMAINT",9.1]
["HWD","CW","HWDCW",3.2]
["HWD","EM","HWDEM",4.9000000000000004]
["HWD","FV","HWDFV",3.8]
["HWD","GA","HWDGA",9.8000000000000007]
["HWD","HA","HWDHA",11.2]
["HWD","JA","HWDJA",8.9]
["HWD","JE","HWDJE",4.7]
["HWD","LO","HWDLO",6.4]
["HWD","MA","HWDMA",6.4]
["HWD","MC","HWDMC",1.6]
["HWD","MO","HWDMO",3.1]
["HWD","PC","HWDPC",2.4]
["HWD","SF","HWDSF",3.7]
["HWD","SL","HWDSL",1.3]
["HWD","TC","HWDTC",4.0999999999999996]
["HWD","VR","HWDVR",7.5]
["HWD","WH","HWDWH",10.4]
["HWD","WO","HWDWO",4.3]
["HWD","EIS","HWDEIS",3.7]
["HWD","EVGN","HWDEVGN",5.5]
["HWD","GTWY","HWDGTWY",3.5]
["HWD","NOR","HWDNOR",9.5]
["HWD","CHS","HWDCHS",5.7]
["HWD","EHS","HWDEHS",9.1]
["HWD","JHS","HWDJHS",0.6]
["HWD","SEQ","HWDSEQ",8.6999999999999993]
["HWD","BUS","HWDBUS",5.5]
["HWD","LIVELY","HWDLIVELY",2.6]
["GTWY","CRC","GTWYCRC",10.5]
["GTWY","ATH","GTWYATH",10.8]
["GTWY","MAINT","GTWYMAINT",12.1]
["GTWY","CW","GTWYCW",2.5]
["GTWY","EM","GTWYEM",7.8]
["GTWY","FV","GTWYFV",0.3]
["GTWY","GA","GTWYGA",13.5]
["GTWY","HA","GTWYHA",14.9]
["GTWY","JA","GTWYJA",12]
["GTWY","JE","GTWYJE",6.5]
["GTWY","LO","GTWYLO",9.6]
["GTWY","MA","GTWYMA",10.9]
["GTWY","MC","GTWYMC",2.2000000000000002]
["GTWY","MO","GTWYMO",5.0999999999999996]
["GTWY","PC","GTWYPC",3]
["GTWY","SF",{"$f":"A761&B761","v":"GTWYSF"},1]
["GTWY","SL","GTWYSL",4.3]
["GTWY","TC","GTWYTC",2.8]
["GTWY","VR","GTWYVR",11.4]
["GTWY","WH","GTWYWH",14.5]
["GTWY","WO","GTWYWO",3.3]
["GTWY","EIS","GTWYEIS",5.8]
["GTWY","EVGN","GTWYEVGN",10]
["GTWY","HWD","GTWYHWD",3.5]
["GTWY","NOR","GTWYNOR",13.2]
["GTWY","CHS","GTWYCHS",9.1]
["GTWY","EHS","GTWYEHS",13.4]
["GTWY","JHS","GTWYJHS",4.5]
["GTWY","SEQ","GTWYSEQ",10.9]
["GTWY","BUS","GTWYBUS",9.3000000000000007]
["GTWY","LIVELY","GTWYLIVELY",3.3]
["NOR","CRC","NORCRC",1.4]
["NOR","ATH","NORATH",1.2]
["NOR","MAINT","NORMAINT",0.2]
["NOR","CW","NORCW",11.7]
["NOR","EM","NOREM",6.2]
["NOR","FV","NORFV",12.6]
["NOR","GA","NORGA",0.6]
["NOR","HA","NORHA",1.5]
["NOR","JA","NORJA",2]
["NOR","JE","NORJE",5.4]
["NOR","LO","NORLO",2.2999999999999998]
["NOR","MA","NORMA",3.9]
["NOR","MC","NORMC",10.199999999999999]
["NOR","MO","NORMO",6.9]
["NOR","PC","NORPC",9.4]
["NOR","SF","NORSF",12.6]
["NOR","SL","NORSL",8.6999999999999993]
["NOR","TC","NORTC",12.9]
["NOR","VR","NORVR",3.6]
["NOR","WH","NORWH",1.8]
["NOR","WO","NORWO",12.8]
["NOR","EIS","NOREIS",6.5]
["NOR","EVGN","NOREVGN",5]
["NOR","HWD","NORHWD",9.5]
["NOR","GTWY","NORGTWY",13.2]
["NOR","CHS","NORCHS",5]
["NOR","EHS","NOREHS",0.7]
["NOR","JHS","NORJHS",9.1999999999999993]
["NOR","SEQ","NORSEQ",1.5]
["NOR","BUS","NORBUS",6.6]
["NOR","LIVELY","NORLIVELY",11.8]
["CHS","CRC","CHSCRC",3.8]
["CHS","ATH","CHSATH",3.6]
["CHS","MAINT","CHSMAINT",4.9000000000000004]
["CHS","CW","CHSCW",7.7]
["CHS","EM","CHSEM",0.5]
["CHS","FV","CHSFV",8.6]
["CHS","GA","CHSGA",5.5]
["CHS","HA","CHSHA",7.2]
["CHS","JA","CHSJA",3.6]
["CHS","JE","CHSJE",2.4]
["CHS","LO","CHSLO",2.6]
["CHS","MA","CHSMA",2.2000000000000002]
["CHS","MC","CHSMC",6.4]
["CHS","MO","CHSMO",3.4]
["CHS","PC","CHSPC",5.5]
["CHS","SF","CHSSF",8]
["CHS","SL","CHSSL",4.0999999999999996]
["CHS","TC","CHSTC",8.9]
["CHS","VR","CHSVR",2.9]
["CHS","WH","CHSWH",6.4]
["CHS","WO",{"$f":"A828&B828","v":"CHSWO"},9.1999999999999993]
["CHS","EIS","CHSEIS",2.8]
["CHS","EVGN","CHSEVGN",1]
["CHS","HWD","CHSHWD",5.7]
["CHS","GTWY","CHSGTWY",9.1]
["CHS","NOR","CHSNOR",5]
["CHS","EHS","CHSEHS",5]
["CHS","JHS","CHSJHS",5.7]
["CHS","SEQ","CHSSEQ",3.7]
["CHS","BUS","CHSBUS",1.7]
["CHS","LIVELY","CHSLIVELY",7.8]
["EHS","CRC","EHSCRC",1.7]
["EHS","ATH","EHSATH",1.4]
["EHS","MAINT","EHSMAINT",0.7]
["EHS","CW","EHSCW",12]
["EHS","EM","EHSEM",5.0999999999999996]
["EHS","FV","EHSFV",12.9]
["EHS","GA","EHSGA",0.9]
["EHS","HA","EHSHA",1.8]
["EHS","JA","EHSJA",1.7]
["EHS","JE","EHSJE",6.6]
["EHS","LO","EHSLO",2.8]
["EHS","MA","EHSMA",3.5]
["EHS","MC","EHSMC",9.8000000000000007]
["EHS","MO","EHSMO",6.9]
["EHS","PC","EHSPC",10.6]
["EHS","SF","EHSSF",12.3]
["EHS","SL","EHSSL",8.6]
["EHS","TC","EHSTC",13.2]
["EHS","VR","EHSVR",3.3]
["EHS","WH","EHSWH",1.7]
["EHS","WO","EHSWO",13.2]
["EHS","EIS","EHSEIS",6.5]
["EHS","EVGN","EHSEVGN",4.5999999999999996]
["EHS","HWD","EHSHWD",9.1]
["EHS","GTWY","EHSGTWY",13.4]
["EHS","NOR","EHSNOR",0.7]
["EHS","CHS","EHSCHS",5]
["EHS","JHS","EHSJHS",9.1]
["EHS","SEQ","EHSSEQ",1.2]
["EHS","BUS","EHSBUS",6.2]
["EHS","LIVELY","EHSLIVELY",12]
["JHS","CRC","JHSCRC",7.4]
["JHS","ATH","JHSATH",7.7]
["JHS","MAINT","JHSMAINT",9.1]
["JHS","CW","JHSCW",3.8]
["JHS","EM","JHSEM",4.7]
["JHS","FV","JHSFV",4.0999999999999996]
["JHS","GA","JHSGA",9.6]
["JHS","HA","JHSHA",11]
["JHS","JA","JHSJA",8.9]
["JHS","JE","JHSJE",4.7]
["JHS","LO","JHSLO",6.2]
["JHS","MA","JHSMA",7]
["JHS","MC","JHSMC",2.2000000000000002]
["JHS","MO","JHSMO",3.1]
["JHS","PC","JHSPC",1.7]
["JHS","SF","JHSSF",4.2]
["JHS","SL","JHSSL",1]
["JHS","TC","JHSTC",4.9000000000000004]
["JHS","VR","JHSVR",7.5]
["JHS","WH","JHSWH",10.4]
["JHS","WO","JHSWO",4.0999999999999996]
["JHS","EIS","JHSEIS",3.7]
["JHS","EVGN","JHSEVGN",5.4]
["JHS","HWD","JHSHWD",0.6]
["JHS","GTWY",{"$f":"A894&B894","v":"JHSGTWY"},4.5]
["JHS","NOR","JHSNOR",9.1999999999999993]
["JHS","CHS","JHSCHS",5.7]
["JHS","EHS","JHSEHS",9.1]
["JHS","SEQ","JHSSEQ",8.4]
["JHS","BUS","JHSBUS",5.4]
["JHS","LIVELY","JHSLIVELY",3]
["SEQ","CRC","SEQCRC",0.8]
["SEQ","ATH","SEQATH",0.6]
["SEQ","MAINT","SEQMAINT",1.4]
["SEQ","CW","SEQCW",11.1]
["SEQ","EM","SEQEM",4]
["SEQ","FV","SEQFV",11.6]
["SEQ","GA","SEQGA",2.2999999999999998]
["SEQ","HA","SEQHA",3]
["SEQ","JA","SEQJA",0.5]
["SEQ","JE","SEQJE",5.6]
["SEQ","LO","SEQLO",2]
["SEQ","MA","SEQMA",2.2999999999999998]
["SEQ","MC","SEQMC",9.1999999999999993]
["SEQ","MO","SEQMO",6.6]
["SEQ","PC","SEQPC",8.6]
["SEQ","SF","SEQSF",11]
["SEQ","SL","SEQSL",7.8]
["SEQ","TC","SEQTC",11.9]
["SEQ","VR","SEQVR",2.1]
["SEQ","WH","SEQWH",3]
["SEQ","WO","SEQWO",12.6]
["SEQ","EIS","SEQEIS",5.4]
["SEQ","EVGN","SEQEVGN",3.7]
["SEQ","HWD","SEQHWD",8.6999999999999993]
["SEQ","GTWY","SEQGTWY",10.9]
["SEQ","NOR","SEQNOR",1.5]
["SEQ","CHS","SEQCHS",3.7]
["SEQ","EHS","SEQEHS",1.2]
["SEQ","JHS","SEQJHS",8.4]
["SEQ","BUS","SEQBUS",5]
["SEQ","LIVELY","SEQLIVELY",11.2]
["BUS","CRC","BUSCRC",7.1]
["BUS","ATH","BUSATH",7.3]
["BUS","MAINT","BUSMAINT",8.5]
["BUS","CW","BUSCW",8.8000000000000007]
["BUS","EM","BUSEM",1.8]
["BUS","FV","BUSFV",9.5]
["BUS","GA","BUSGA",9]
["BUS","HA","BUSHA",8.1999999999999993]
["BUS","JA","BUSJA",4.7]
["BUS","JE","BUSJE",3.3]
["BUS","LO","BUSLO",4.2]
["BUS","MA","BUSMA",2.7]
["BUS","MC","BUSMC",6.9]
["BUS","MO","BUSMO",4.3]
["BUS","PC","BUSPC",6.5]
["BUS","SF","BUSSF",8.8000000000000007]
["BUS","SL","BUSSL",5.3]
["BUS","TC","BUSTC",9.6999999999999993]
["BUS","VR","BUSVR",3.4]
["BUS","WH","BUSWH",7.9]
["BUS","WO","BUSWO",8.8000000000000007]
["BUS","EIS","BUSEIS",3.8]
["BUS","EVGN","BUSEVGN",1.9]
["BUS","HWD","BUSHWD",5.5]
["BUS","GTWY","BUSGTWY",9.3000000000000007]
["BUS","NOR","BUSNOR",6.6]
["BUS","CHS","BUSCHS",1.7]
["BUS","EHS","BUSEHS",6.2]
["BUS","JHS",{"$f":"A960&B960","v":"BUSJHS"},5.4]
["BUS","SEQ","BUSSEQ",5]
["BUS","LIVELY","BUSLIVELY",7.7]
["LIVELY","CRC","LIVELYCRC",10.199999999999999]
["LIVELY","ATH","LIVELYATH",10.5]
["LIVELY","MAINT","LIVELYMAINT",11.6]
["LIVELY","CW","LIVELYCW",2.6]
["LIVELY","EM","LIVELYEM",7]
["LIVELY","FV","LIVELYFV",3.5]
["LIVELY","GA","LIVELYGA",12.2]
["LIVELY","HA","LIVELYHA",13.5]
["LIVELY","JA","LIVELYJA",11.4]
["LIVELY","JE","LIVELYJE",6]
["LIVELY","LO","LIVELYLO",9.3000000000000007]
["LIVELY","MA","LIVELYMA",9.6]
["LIVELY","MC","LIVELYMC",1.8]
["LIVELY","MO","LIVELYMO",4.5999999999999996]
["LIVELY","PC","LIVELYPC",3]
["LIVELY","SF","LIVELYSF",3.4]
["LIVELY","SL","LIVELYSL",3.4]
["LIVELY","TC","LIVELYTC",3]
["LIVELY","VR","LIVELYVR",10.3]
["LIVELY","WH","LIVELYWH",13.2]
["LIVELY","WO","LIVELYWO",2.2000000000000002]
["LIVELY","EIS","LIVELYEIS",5.4]
["LIVELY","EVGN","LIVELYEVGN",8.4]
["LIVELY","HWD","LIVELYHWD",2.6]
["LIVELY","GTWY","LIVELYGTWY",3.3]
["LIVELY","NOR","LIVELYNOR",11.8]
["LIVELY","CHS","LIVELYCHS",7.8]
["LIVELY","EHS","LIVELYEHS",12]
["LIVELY","JHS","LIVELYJHS",3]
["LIVELY","SEQ","LIVELYSEQ",11.2]
["LIVELY","BUS","LIVELYBUS",7.7]